5)/(3/15). Calculate the remainder when 28 is divided by s(p).
8
Let u(z) = 6*z**3 + 2*z - 1. What is the remainder when 12 is divided by u(1)?
5
Suppose 16 = l + 2*i - 46, 0 = 3*l - 3*i - 213. What is the remainder when l is divided by 23?
22
Suppose -63 = -3*p + 57. Calculate the remainder when p is divided by 14.
12
Let u be 15*(-4)/48*-4. Suppose 6*s - l - 116 = s, -u*l - 74 = -3*s. What is the remainder when 45 is divided by s?
22
Let k = 25 - 14. Let a = -3 - -8. Suppose -a*p = -115 - 100. Calculate the remainder when p is divided by k.
10
Let k(r) = r**3 - 4*r**2 + 4*r - 4. Let t be ((-14)/8)/(2/(-88)). Suppose -2*c + t - 9 = 0. Calculate the remainder when c is divided by k(4).
10
Let a(l) = -7*l - 1. Calculate the remainder when a(-7) is divided by 17.
14
Suppose 0 = 4*n - 3*n - 3*w, -2*w = -4*n - 10. Let q be (5/3)/(4/24). Let u = q - n. What is the remainder when 23 is divided by u?
10
Let g(h) = 20*h - 29. Calculate the remainder when g(4) is divided by 18.
15
Let z(d) = -3*d**2 + 4*d**2 - 12 - 10*d**2 - d**3 + 0*d + 7*d. Calculate the remainder when 422/8 - (-9)/(-12) is divided by z(-10).
16
Suppose 0 = -m + 29 - 10. Calculate the remainder when 55 is divided by m.
17
Suppose -8*u + 197 = -51. Calculate the remainder when 73 is divided by u.
11
Suppose -3*t + 12 = -0*t. Calculate the remainder when 1920/50 + t/(-10) is divided by 10.
8
Suppose 3*n + 84 = 5*r, 2*n + 76 = 3*r + 21. Let q = 33 + n. Calculate the remainder when 28 is divided by q.
8
Let f = 1 - -1. Let l be ((-2)/2)/((-1)/f). Suppose -l*o + o + 16 = 0. Calculate the remainder when o is divided by 6.
4
Suppose 3*l = u - 88, 490 = 3*u + 2*u - 5*l. What is the remainder when u is divided by 26?
25
Suppose -5*c + 5*o + 275 = 0, -2*o - 5 = -o. Let d = 5 - 7. Let h(n) = -4*n**3 - 3*n**2 - 4*n - 2. What is the remainder when c is divided by h(d)?
24
Suppose 0*i - 3*i = -159. Calculate the remainder when i is divided by 11.
9
Let w = -98 + 165. Calculate the remainder when w is divided by 14.
11
Suppose -6*n + 4*n = -4. Let u be 0 + (n - (0 + 0)). Calculate the remainder when 28 is divided by ((-10)/(-3))/(u/6).
8
Calculate the remainder when 26 is divided by (-8)/(-6) - (-115)/15.
8
Let c = -107 + 174. What is the remainder when c is divided by 18?
13
Let t = 31 - 16. Suppose -2*x - 3*b + 42 = -61, -5*b - t = 0. What is the remainder when x is divided by 19?
18
What is the remainder when 68 is divided by (-128)/(-9) + (-3)/(-27)*-2?
12
Suppose -21 = -q + 9. What is the remainder when q is divided by 11?
8
Let t(p) = 4*p + 4. Calculate the remainder when 34 is divided by t(2).
10
Let k(g) = g**2 + g - 4. Calculate the remainder when k(6) is divided by 14.
10
Let s(z) = -z - 5. Let n be (3/(-2) + 1)*0. Let a be s(n). Let m(i) = -i**3 - 4*i**2 + 4*i - 4. What is the remainder when 2 is divided by m(a)?
0
Suppose -300 = -10*i - 90. Calculate the remainder when i is divided by 6.
3
Let t be (-2697)/(-11) - (-2)/(-11). Suppose t = 5*w + 5*x, w = 6*w - x - 233. Calculate the remainder when w is divided by 12.
11
Let t = -11 + 24. Suppose 74 = 4*a - 2*a. Calculate the remainder when a is divided by t.
11
Suppose 0 = -7*n - 44 + 233. What is the remainder when n is divided by 7?
6
Let k = -8 + 8. Suppose 3*d + 0*d - 36 = k. Suppose -5*a = -19 - 151. Calculate the remainder when a is divided by d.
10
Let u = 16 + 14. What is the remainder when 148 is divided by u?
28
Let b(a) = -a**3 + 4*a - 5 + 5*a**2 - a - a. Suppose -2*x = -x - 5. Calculate the remainder when b(x) is divided by 3.
2
Suppose 0 = -0*n + 5*n - 15. Suppose 182 = 4*x + n*l - 9, 140 = 3*x - l. What is the remainder when x is divided by 12?
11
Let b(h) = 3*h - 1. Let f = -13 - -16. Calculate the remainder when 15 is divided by b(f).
7
Let c(u) = 0*u - 1 - 2*u + 2*u + 3*u**3 + u. Let l be c(1). Suppose 4*w = -l + 19. What is the remainder when 7 is divided by w?
3
Suppose 0 = k + 2*n - 4*n - 4, 4*n = -5*k + 20. Suppose k*j = 4*l + 32, -3*j - l = -5*j + 20. Calculate the remainder when 33 is divided by j.
9
Let z(d) = d**2 + 4*d - 3. Let u be z(-4). Let b be 1/(u/(-6)) - 14. What is the remainder when 26 is divided by (-171)/b + (-1)/4?
12
Let c(j) = 5*j - 8. Suppose 0 = -v, 2*v = q - 95 + 30. What is the remainder when q is divided by c(6)?
21
Let m be -22*1*(-2)/4. Let t be m + (-1 + 1 - 0). Let d = t + 10. Calculate the remainder when d is divided by 12.
9
Let m = 3 + 9. Suppose 11 = v - 3*d, -2*d + 10 = 3*v - 1. Calculate the remainder when m is divided by v.
2
Let d(s) = -2*s - 7. Calculate the remainder when 4 is divided by d(-4).
0
Let n = 26 - -19. Let g = 63 - 40. What is the remainder when n is divided by g?
22
Suppose -b + 11 + 11 = 0. What is the remainder when b is divided by 8?
6
Suppose -c + 22 = -7. What is the remainder when c is divided by 10?
9
Let u(j) be the third derivative of -j**4/8 - 4*j**3/3 - 8*j**2. What is the remainder when u(-9) is divided by 7?
5
Suppose -5*n = -5*d + 10, -2*n - 3 - 1 = 0. Suppose d = -0*t - t. Suppose t*y = -5*y + 145. Calculate the remainder when y is divided by 15.
14
Let r = 16 + 6. What is the remainder when r is divided by 6?
4
What is the remainder when 2 - 1 - 1 - -10 is divided by 6?
4
Let n be (4/(-3))/(4/18). Let a(l) = -2*l - 7. What is the remainder when (-4)/6 - (-58)/6 is divided by a(n)?
4
Let p(q) = -q**3 - 15*q**2 + 15*q - 7. Let c(n) = n**2 - n. Let y(d) = 5*c(d) + p(d). What is the remainder when 7 is divided by y(-11)?
3
Suppose 0*y + 5 = -3*y + 2*m, 3*m = 3*y. Let i = -2 - y. Suppose -z + 6 = 5*h + i, 7 = -h - 4*z. What is the remainder when 1 is divided by h?
0
Let g(h) = 2*h**3 + h. Let w be g(1). Let n(d) = d. Suppose t - 2 = -3*s, 0*s - 20 = -3*t - 2*s. Calculate the remainder when t is divided by n(w).
2
Let v(r) = -6*r - 17. Calculate the remainder when -2 - (-4)/(4/77) is divided by v(-6).
18
Let l = 86 - 69. Let g = -34 - -67. Calculate the remainder when g is divided by l.
16
Let g(l) = 3*l + 7. Let p(m) = 8*m + 21. Let t(q) = -11*g(q) + 4*p(q). Calculate the remainder when 58 is divided by t(-8).
13
Let q(k) = -k**2 - 12*k - 9. Suppose y + 13 = -l, 12 = 4*l + 32. Calculate the remainder when 44 is divided by q(y).
21
Suppose -3*h = -2*h - 23. Let w = -205 - -296. Calculate the remainder when w is divided by h.
22
Suppose 73*p - 77*p + 44 = 0. Calculate the remainder when 42 + 2/((-2)/(-1)) is divided by p.
10
Let y(a) = -8*a + 1. Let u(p) = -25*p + 3. Let v(k) = 6*u(k) - 17*y(k). What is the remainder when 57 is divided by v(-1)?
12
Suppose 20 = -j + 4*l + 4, 2*j = l + 3. Let q = 14 - j. Suppose 2*v - 20 = -3*v. Calculate the remainder when q is divided by v.
2
Let y be (-191)/(-9) - 2/9. Suppose 5*s = r - 7, r + y = 4*r - 3*s. Suppose r*a - 2*a = 425. Calculate the remainder when a is divided by 22.
19
Suppose 0 = -5*w + 6*w + 6. Let m = w - -8. What is the remainder when 7 is divided by m?
1
Suppose -10 = -5*m, 4*c - 11 = 3*m - 1. Suppose -1 = c*w - 69. Suppose -y = 3*x - 21, -3*y = 3*x - 5*y - 12. Calculate the remainder when w is divided by x.
5
Let m(g) = 8*g**3 - g**2 - 7*g - 7. Let p(y) = -12*y**3 + 2*y**2 + 11*y + 11. Let a(w) = -8*m(w) - 5*p(w). What is the remainder when a(-2) is divided by 12?
11
Let u(d) = -5*d - 90. Let v(f) = 4*f + 91. Let q(w) = 5*u(w) + 6*v(w). Let p be q(0). Suppose 2*m - 5*m + p = 0. What is the remainder when m is divided by 17?
15
Let c = -12 + 27. Suppose 5*n + 5*h = -c, -n - 2 = 4*h + 1. Calculate the remainder when 12 is divided by (6 + -3)*(-7)/n.
5
Suppose -2*y + y + 4*s + 5 = 0, -3*s + 15 = 3*y. Suppose h = y*o - 33, 2*o + 2*h - 4*h - 10 = 0. What is the remainder when ((-4)/(-5))/(4/100) is divided by o?
6
Suppose -16 = -5*o - 6*r + 2*r, 0 = -5*o + 4*r + 24. Suppose -254 = -o*q - 2*x, 3*x = 3*q - 0*q - 177. What is the remainder when q is divided by 21?
20
Let i be 6*2*(-5)/3. Let x = 31 + i. Suppose k + k - 42 = 0. Calculate the remainder when k is divided by x.
10
Suppose -2*c - 28 = -6*c. Suppose 5*x + 51 = 4*u, 32 = 4*u - 2*x - 34. What is the remainder when u is divided by c?
5
Suppose -4*f = 3*s - 56, -3*f - s = 4*s - 42. What is the remainder when 55 is divided by f?
13
Let y(a) = 2*a**2 + 34*a + 27. Calculate the remainder when y(-17) is divided by 14.
13
Suppose 5*w - 23 = t + 16, 0 = 2